{"id":642,"date":"2021-01-25T20:35:21","date_gmt":"2021-01-25T19:35:21","guid":{"rendered":"http:\/\/zlobekkrosnice.pl\/?page_id=642"},"modified":"2021-04-15T10:38:10","modified_gmt":"2021-04-15T08:38:10","slug":"bon-zlobkowy","status":"publish","type":"page","link":"https:\/\/zlobekkrosnice.pl\/index.php\/bon-zlobkowy\/","title":{"rendered":"BON \u017b\u0141OBKOWY."},"content":{"rendered":"\n<p>Od kwietnia mo\u017cna si\u0119 stara\u0107 w Gminnym O\u015brodku Pomocy Spo\u0142ecznej w Kro\u015bnicach  (tel. 71 3846030) o Kro\u015bnicki Bon \u017b\u0142obkowy. <\/p>\n\n\n\n<p>Bon przys\u0142uguje rodzicom dzieci w wieku od 1 do 3 lat, kt\u00f3re ucz\u0119szczaj\u0105 do \u017c\u0142obka &#8222;S\u0142oneczko&#8221; oraz kt\u00f3rzy:<\/p>\n\n\n\n<p>&#8211; mieszkaj\u0105 w Gminie Kro\u015bnice<\/p>\n\n\n\n<p>&#8211; pracuj\u0105\/studiuj\u0105 dziennie\/odbywaj\u0105 sta\u017c<\/p>\n\n\n\n<p>&#8211; podatki rozliczaj\u0105 w Urz\u0119dzie Skarbowym w Miliczu<\/p>\n\n\n\n<p>&#8211; doch\u00f3d na cz\u0142onka rodziny w 2020 roku nie przekracza\u0142 1922z\u0142. <\/p>\n\n\n\n<p>O \u015bwiadczenie mo\u017ce stara\u0107 si\u0119 r\u00f3wnie\u017c rodzic, kt\u00f3ry nie pracuje, ale opiekuje si\u0119 inn\u0105 osob\u0105 w domu i pobiera zasi\u0142ek piel\u0119gnacyjny. Bon b\u0119dzie przelewany co miesi\u0105c na konto bankowe rodzica, kt\u00f3rego dziecko ucz\u0119szcza do \u017c\u0142obka. Przy skorzystaniu z bonu czesne w \u017c\u0142obku &#8222;S\u0142oneczko&#8221; wynosi 470z\u0142 plus catering (11z\u0142\/dzie\u0144) co daje kwot\u0119 ok 690z\u0142 miesi\u0119cznie przy pe\u0142nej frekwencji dziecka w \u017c\u0142obku. <\/p>\n\n\n\n<figure class=\"wp-block-image size-large\"><img loading=\"lazy\" decoding=\"async\" width=\"1024\" height=\"1024\" src=\"https:\/\/zlobekkrosnice.pl\/wp-content\/uploads\/2021\/04\/Projekt-bez-tytu\u0142u-9-1024x1024.jpg\" alt=\"\" class=\"wp-image-738\" srcset=\"https:\/\/zlobekkrosnice.pl\/wp-content\/uploads\/2021\/04\/Projekt-bez-tytu\u0142u-9-1024x1024.jpg 1024w, https:\/\/zlobekkrosnice.pl\/wp-content\/uploads\/2021\/04\/Projekt-bez-tytu\u0142u-9-300x300.jpg 300w, https:\/\/zlobekkrosnice.pl\/wp-content\/uploads\/2021\/04\/Projekt-bez-tytu\u0142u-9-150x150.jpg 150w, https:\/\/zlobekkrosnice.pl\/wp-content\/uploads\/2021\/04\/Projekt-bez-tytu\u0142u-9-768x768.jpg 768w, https:\/\/zlobekkrosnice.pl\/wp-content\/uploads\/2021\/04\/Projekt-bez-tytu\u0142u-9.jpg 1080w\" sizes=\"auto, (max-width: 1024px) 100vw, 1024px\" \/><\/figure>\n","protected":false},"excerpt":{"rendered":"<p>Od kwietnia mo\u017cna si\u0119 stara\u0107 w Gminnym O\u015brodku Pomocy Spo\u0142ecznej w Kro\u015bnicach (tel. 71 3846030) o Kro\u015bnicki Bon \u017b\u0142obkowy. Bon przys\u0142uguje rodzicom dzieci w wieku od 1 do 3 lat, kt\u00f3re ucz\u0119szczaj\u0105 do \u017c\u0142obka &#8222;S\u0142oneczko&#8221; oraz kt\u00f3rzy: &#8211; mieszkaj\u0105 w Gminie Kro\u015bnice &#8211; pracuj\u0105\/studiuj\u0105 dziennie\/odbywaj\u0105 sta\u017c &#8211; podatki rozliczaj\u0105 w Urz\u0119dzie Skarbowym w Miliczu &#8211; doch\u00f3d na cz\u0142onka rodziny w 2020 roku nie przekracza\u0142 1922z\u0142. O \u015bwiadczenie mo\u017ce stara\u0107 si\u0119 r\u00f3wnie\u017c rodzic, kt\u00f3ry nie pracuje, [&hellip;]<\/p>\n","protected":false},"author":1,"featured_media":702,"parent":0,"menu_order":0,"comment_status":"closed","ping_status":"closed","template":"","meta":{"footnotes":""},"class_list":["post-642","page","type-page","status-publish","has-post-thumbnail","hentry"],"_links":{"self":[{"href":"https:\/\/zlobekkrosnice.pl\/index.php\/wp-json\/wp\/v2\/pages\/642","targetHints":{"allow":["GET"]}}],"collection":[{"href":"https:\/\/zlobekkrosnice.pl\/index.php\/wp-json\/wp\/v2\/pages"}],"about":[{"href":"https:\/\/zlobekkrosnice.pl\/index.php\/wp-json\/wp\/v2\/types\/page"}],"author":[{"embeddable":true,"href":"https:\/\/zlobekkrosnice.pl\/index.php\/wp-json\/wp\/v2\/users\/1"}],"replies":[{"embeddable":true,"href":"https:\/\/zlobekkrosnice.pl\/index.php\/wp-json\/wp\/v2\/comments?post=642"}],"version-history":[{"count":5,"href":"https:\/\/zlobekkrosnice.pl\/index.php\/wp-json\/wp\/v2\/pages\/642\/revisions"}],"predecessor-version":[{"id":740,"href":"https:\/\/zlobekkrosnice.pl\/index.php\/wp-json\/wp\/v2\/pages\/642\/revisions\/740"}],"wp:featuredmedia":[{"embeddable":true,"href":"https:\/\/zlobekkrosnice.pl\/index.php\/wp-json\/wp\/v2\/media\/702"}],"wp:attachment":[{"href":"https:\/\/zlobekkrosnice.pl\/index.php\/wp-json\/wp\/v2\/media?parent=642"}],"curies":[{"name":"wp","href":"https:\/\/api.w.org\/{rel}","templated":true}]}}