{"id":228,"date":"2020-04-21T11:09:42","date_gmt":"2020-04-21T09:09:42","guid":{"rendered":"http:\/\/zlobekkrosnice.pl\/?page_id=228"},"modified":"2023-11-14T13:45:59","modified_gmt":"2023-11-14T12:45:59","slug":"standardy-opieki-i-edukacji-dzieci","status":"publish","type":"page","link":"https:\/\/zlobekkrosnice.pl\/index.php\/standardy-opieki-i-edukacji-dzieci\/","title":{"rendered":"Standardy Opieki"},"content":{"rendered":"\n<h3 class=\"wp-block-heading\">Standardy opieki  i edukacji dzieci do lat 3. <\/h3>\n\n\n\n<p> <strong>W naszym \u017c\u0142obku &#8222;S\u0142oneczko&#8221; bierzemy udzia\u0142 w Programie \u201eJako\u015b\u0107 od&nbsp;pocz\u0105tku. Standardy opieki i&nbsp;edukacji dzieci do&nbsp;lat 3\u201d<\/strong>, kt\u00f3ry realizowany jest przez&nbsp;Fundacj\u0119 Rozwoju Dzieci od&nbsp;wrze\u015bnia 2018 r.  (<a href=\"https:\/\/najmlodsi.org.pl\/\">najmlodsi.org.pl<\/a>) <\/p>\n\n\n\n<p>&nbsp;Program jest odpowiedzi\u0105 na&nbsp;problemy zwi\u0105zane z&nbsp;us\u0142ugami opieku\u0144czo-edukacyjnymi dla najm\u0142odszych dzieci, takie jak:<\/p>\n\n\n\n<ul class=\"wp-block-list\"><li>niskie zaufanie rodzic\u00f3w do&nbsp;opieki pozarodzinnej;<\/li><li>brak wiedzy pracodawc\u00f3w i&nbsp;urz\u0119d\u00f3w jak nadzorowa\u0107 jako\u015b\u0107 nowych us\u0142ug dla ma\u0142ych dzieci;<\/li><li>niska \u015bwiadomo\u015b\u0107 rodzic\u00f3w oraz&nbsp;w\u0142adz, \u017ce&nbsp;pobyt w&nbsp;dobrych plac\u00f3wkach zwi\u0119ksza szanse edukacyjne dzieci, zw\u0142aszcza ze&nbsp;\u015brodowisk zagro\u017conych wykluczeniem.<\/li><\/ul>\n\n\n\n<p>Obecnie obowi\u0105zuj\u0105ce standardy jako\u015bci plac\u00f3wek opieki dla ma\u0142ych dzieci obejmuj\u0105 kwestie techniczne i&nbsp;formalne (kwalifikacje personelu, normy sanitarne, budowlane, \u017cywieniowe). Nie&nbsp;uwzgl\u0119dniaj\u0105 obszar\u00f3w kluczowych dla wszechstronnego rozwoju dziecka, takich jak:<\/p>\n\n\n\n<ul class=\"wp-block-list\"><li>relacje dziecka z&nbsp;opiekunem,<\/li><li>sposoby\/metody wspierania rozwoju,<\/li><li>propozycja edukacyjna,<\/li><li>relacje z&nbsp;rodzicami.<\/li><\/ul>\n\n\n\n<p>A&nbsp;to&nbsp;w\u0142a\u015bnie te sprawy decyduj\u0105, czy&nbsp;dziecko b\u0119dzie w&nbsp;\u017c\u0142obku szcz\u0119\u015bliwe i&nbsp;czy&nbsp;rodzice b\u0119d\u0105 mieli pewno\u015b\u0107, \u017ce&nbsp;ich dziecko jest w&nbsp;dobrych r\u0119kach. W &#8222;S\u0142oneczku&#8221; Standardy s\u0105 narz\u0119dziem dla personelu do&nbsp;samodoskonalenia i&nbsp;autoewaluacji. S\u0105 naszym wsparciem i pomagaj\u0105 nam w&nbsp;doskonaleniu  opieki nad dzie\u0107mi. <\/p>\n\n\n\n<p>&#8222;Standardy opieki  i edukacji dzieci do lat 3&#8221; obejmuj\u0105 10 obszar\u00f3w funkcjonowania plac\u00f3wki:<\/p>\n\n\n\n<h4 class=\"wp-block-heading\">1.Fundamenty i&nbsp;warto\u015bci. <\/h4>\n\n\n\n<p> Wszystkie osoby pracuj\u0105ce w&nbsp;\u017c\u0142obku pomimo r\u00f3\u017cnic indywidualnych dzia\u0142aj\u0105 we&nbsp;<strong>wsp\u00f3lnym systemie warto\u015bci<\/strong> dotycz\u0105cym opieki nad&nbsp;dzie\u0107mi. Warto\u015bci te opieraj\u0105 si\u0119 m.in. na prawach dziecka opisanych w&nbsp;<strong>Konwencji Praw Dziecka<\/strong>. <\/p>\n\n\n\n<h4 class=\"wp-block-heading\">2. Kompetencje kadry<\/h4>\n\n\n\n<p> <strong>Kompetencje osobiste<\/strong> os\u00f3b pracuj\u0105cych w&nbsp;plac\u00f3wce maj\u0105 pierwszorz\u0119dne znaczenie dla jako\u015bci opieki i&nbsp;edukacji dzieci. Aby kadra potrafi\u0142a budowa\u0107 relacje z&nbsp;dzie\u0107mi oraz&nbsp;realizowa\u0107 program pedagogiczny, musi zadba\u0107 o&nbsp;sw\u00f3j <strong>rozw\u00f3j osobisty<\/strong> \u2013 w&nbsp;tym nie&nbsp;tylko&nbsp;o&nbsp;wiedz\u0119 i&nbsp;umiej\u0119tno\u015bci, lecz&nbsp;tak\u017ce <strong>znajomo\u015b\u0107 emocji i&nbsp;potrzeb, umiej\u0119tno\u015b\u0107 ich nazywania i&nbsp;wyra\u017cania. <\/strong><\/p>\n\n\n\n<h4 class=\"wp-block-heading\">3. Praca pedagogiczna<\/h4>\n\n\n\n<p>Ka\u017cde dziecko w &#8222;S\u0142oneczku&#8221; ma <strong>warunki do&nbsp;anga\u017cowania si\u0119 w&nbsp;interesuj\u0105ce je zabawy<\/strong>, kt\u00f3re pozwalaj\u0105 na&nbsp;odkrywanie, kreatywno\u015b\u0107 i&nbsp;nadawanie znacze\u0144, zar\u00f3wno samodzielnie, jak i z&nbsp;innymi. Ka\u017cde dziecko ma przy tym zapewnion\u0105 <strong>dowolno\u015b\u0107 uczestnictwa<\/strong> w zaj\u0119ciach. <\/p>\n\n\n\n<p>Nasz \u017c\u0142obek dzia\u0142a wg autorskiego, rocznego<strong> program edukacyjnego<\/strong>, kt\u00f3ry nawi\u0105zuje do&nbsp;zainteresowa\u0144 dzieci i  ich mo\u017cliwo\u015bci rozwojowych. Program jest modyfikowany w zale\u017cno\u015bci od&nbsp;aktualnej kondycji psychofizycznej dzieci.  Podczas pobytu u nas zapewniamy dzieciom  <strong>bezpiecze\u0144stwo psychiczne i&nbsp;fizyczne<\/strong>.<\/p>\n\n\n\n<h4 class=\"wp-block-heading\">4. Sytuacje codzienne<\/h4>\n\n\n\n<p> Sytuacje codzienne stanowi\u0105 element rutyny ka\u017cdego dnia.  Spos\u00f3b ich organizowania ma kluczowe znaczenie dla rozwoju ma\u0142ych dzieci, gdy\u017c&nbsp;dotyczy <strong>zaspakajania pierwszorz\u0119dnych w&nbsp;tym wieku potrzeb fizjologicznych i&nbsp;emocjonalnych<\/strong>. Od&nbsp;tego zale\u017cy jako\u015b\u0107 do\u015bwiadcze\u0144 dzieci, ich poczucie bezpiecze\u0144stwa oraz&nbsp;prawid\u0142owy rozw\u00f3j.  <\/p>\n\n\n\n<h4 class=\"wp-block-heading\">5. \u017bywienie<\/h4>\n\n\n\n<p>\u017bywienie dzieci w wieku 1\u20133 lata jest oparte na aktualnych Normach \u017bywienia Cz\u0142owieka. Posi\u0142ki, kt\u00f3re s\u0105 podawane dzieciom w naszym \u017c\u0142obku s\u0105 smaczne, zdrowe i estetycznie podane. To <strong>potrzeby dzieci wyznaczaj\u0105 spos\u00f3b organizacji posi\u0142ku<\/strong>, wi\u0119c je\u015bli dziecko nie ma ochoty zje\u015b\u0107 nie b\u0119dzie do tego namawiane, dzieci maj\u0105 tyle czasu na posi\u0142ek, ile potrzebuj\u0105, a  kadra nie nagradza dzieci za zjedzenie posi\u0142ku. <\/p>\n\n\n\n<h4 class=\"wp-block-heading\">6. Adaptacja<\/h4>\n\n\n\n<p> Badania pokazuj\u0105, \u017ce&nbsp;adaptacja wi\u0105\u017ce si\u0119 ze&nbsp;stresem i&nbsp;to, w&nbsp;jaki spos\u00f3b proces b\u0119dzie przebiega\u0107, ma wp\u0142yw na&nbsp;poziom kortyzolu (hormonu stresu) u&nbsp;dziecka, a&nbsp;co za&nbsp;tym idzie, <strong>niew\u0142a\u015bciwie prowadzony proces adaptacji mo\u017ce nawet zagra\u017ca\u0107 zdrowiu dziecka<\/strong>. Zach\u0119camy do zapoznania si\u0119 z ca\u0142ym artyku\u0142em na temat adaptacji dost\u0119pnym na naszej stronie <strong>w zak\u0142adce &#8222;Adaptacja&#8221;<\/strong>.<\/p>\n\n\n\n<h4 class=\"wp-block-heading\">7. Wsp\u00f3\u0142praca z&nbsp;rodzicami<\/h4>\n\n\n\n<p> Wsp\u00f3\u0142praca kadry i&nbsp;rodzic\u00f3w jest oparta na&nbsp;partnerstwie, kt\u00f3rego&nbsp;podstaw\u0105 jest rozumienie <strong>decyduj\u0105cej roli rodzic\u00f3w i&nbsp;rodziny w&nbsp;\u017cyciu dziecka<\/strong>. Wymiana informacji mi\u0119dzy rodzicami a&nbsp;personelem jest niezb\u0119dna i przebiega w&nbsp;atmosferze <strong>otwarto\u015bci i&nbsp;zaufania<\/strong>.  Rodzice maj\u0105 tak\u017ce wp\u0142yw na spos\u00f3b funkcjonowania \u017c\u0142obka.<\/p>\n\n\n\n<h4 class=\"wp-block-heading\">8. Aran\u017cacja przestrzeni i&nbsp;wyposa\u017cenie<\/h4>\n\n\n\n<p> Aran\u017cacja <strong>przestrzeni w naszym \u017c\u0142obku jest sp\u00f3jna z&nbsp; nasz\u0105 koncepcj\u0105 pracy pedagogicznej uwzgl\u0119dniaj\u0105c\u0105 elementy pedagogiki Marii Montessori<\/strong>. Organizujemy dzieciom przestrze\u0144 w&nbsp;spos\u00f3b umo\u017cliwiaj\u0105cy dzia\u0142anie samodzielne, jak&nbsp;i&nbsp;w&nbsp;gronie r\u00f3wie\u015bnik\u00f3w oraz&nbsp;doros\u0142ych, zgodnie z&nbsp;ich aktualnymi potrzebami i&nbsp;zainteresowaniami. Aran\u017cacja przestrzeni jest prosta, bez bod\u017ac\u00f3w rozpraszaj\u0105cych, zapewniaj\u0105ca dzieciom <strong>komfort sensoryczny<\/strong>.<\/p>\n\n\n\n<h4 class=\"wp-block-heading\">9. Bezpiecze\u0144stwo i&nbsp;profilaktyka zdrowia<\/h4>\n\n\n\n<p> Dba\u0142o\u015b\u0107 o\u00a0zdrowie dzieci wymaga podejmowania dzia\u0142a\u0144 z\u00a0zakresu profilaktyki oraz\u00a0zapewnienia im bezpiecznych warunk\u00f3w pobytu w\u00a0plac\u00f3wce.  W\u00a0sytuacji zagro\u017cenia zdrowia dzieci oraz\u00a0kadry post\u0119pujemy wg wcze\u015bniej ustalonych procedur. <\/p>\n\n\n\n<h4 class=\"wp-block-heading\">10. Zarz\u0105dzanie<\/h4>\n\n\n\n<p><strong>Ciocia Dyrektor ma wizj\u0119 <\/strong>organizacji pracy &#8222;S\u0142oneczka&#8221; i oraz jej rozwoju, kt\u00f3ra konsekwentnie jest realizowana przez ni\u0105 i  ca\u0142\u0105 kadr\u0119. Prowadzi <strong>ewaluacj\u0119 jako\u015bci pracy<\/strong>, wspiera i promuje wsp\u00f3\u0142prac\u0119 z rodzicami i \u015brodowiskiem lokalnym gminy Kro\u015bnice. <\/p>\n\n\n\n<p><em>Zach\u0119camy do dok\u0142adniejszym zapoznaniem si\u0119 ze  &#8222;Standardami opieki i edukacji dzieci do lat 3&#8221; zamieszczonymi na stronie Fundacji Rozwoju Dzieci <a rel=\"noreferrer noopener\" aria-label=\" (otwiera si\u0119 na nowej zak\u0142adce)\" href=\"https:\/\/najmlodsi.org.pl\/\" target=\"_blank\">najmlodsi.org.pl<\/a><\/em><\/p>\n","protected":false},"excerpt":{"rendered":"<p>Standardy opieki i edukacji dzieci do lat 3. W naszym \u017c\u0142obku &#8222;S\u0142oneczko&#8221; bierzemy udzia\u0142 w Programie \u201eJako\u015b\u0107 od&nbsp;pocz\u0105tku. Standardy opieki i&nbsp;edukacji dzieci do&nbsp;lat 3\u201d, kt\u00f3ry realizowany jest przez&nbsp;Fundacj\u0119 Rozwoju Dzieci od&nbsp;wrze\u015bnia 2018 r. (najmlodsi.org.pl) &nbsp;Program jest odpowiedzi\u0105 na&nbsp;problemy zwi\u0105zane z&nbsp;us\u0142ugami opieku\u0144czo-edukacyjnymi dla najm\u0142odszych dzieci, takie jak: niskie zaufanie rodzic\u00f3w do&nbsp;opieki pozarodzinnej; brak wiedzy pracodawc\u00f3w i&nbsp;urz\u0119d\u00f3w jak nadzorowa\u0107 jako\u015b\u0107 nowych us\u0142ug dla ma\u0142ych dzieci; niska \u015bwiadomo\u015b\u0107 rodzic\u00f3w oraz&nbsp;w\u0142adz, \u017ce&nbsp;pobyt w&nbsp;dobrych plac\u00f3wkach zwi\u0119ksza szanse edukacyjne dzieci, zw\u0142aszcza [&hellip;]<\/p>\n","protected":false},"author":1,"featured_media":0,"parent":0,"menu_order":0,"comment_status":"closed","ping_status":"closed","template":"","meta":{"footnotes":""},"class_list":["post-228","page","type-page","status-publish","hentry"],"_links":{"self":[{"href":"https:\/\/zlobekkrosnice.pl\/index.php\/wp-json\/wp\/v2\/pages\/228","targetHints":{"allow":["GET"]}}],"collection":[{"href":"https:\/\/zlobekkrosnice.pl\/index.php\/wp-json\/wp\/v2\/pages"}],"about":[{"href":"https:\/\/zlobekkrosnice.pl\/index.php\/wp-json\/wp\/v2\/types\/page"}],"author":[{"embeddable":true,"href":"https:\/\/zlobekkrosnice.pl\/index.php\/wp-json\/wp\/v2\/users\/1"}],"replies":[{"embeddable":true,"href":"https:\/\/zlobekkrosnice.pl\/index.php\/wp-json\/wp\/v2\/comments?post=228"}],"version-history":[{"count":13,"href":"https:\/\/zlobekkrosnice.pl\/index.php\/wp-json\/wp\/v2\/pages\/228\/revisions"}],"predecessor-version":[{"id":958,"href":"https:\/\/zlobekkrosnice.pl\/index.php\/wp-json\/wp\/v2\/pages\/228\/revisions\/958"}],"wp:attachment":[{"href":"https:\/\/zlobekkrosnice.pl\/index.php\/wp-json\/wp\/v2\/media?parent=228"}],"curies":[{"name":"wp","href":"https:\/\/api.w.org\/{rel}","templated":true}]}}