{"id":14,"date":"2020-03-13T14:25:59","date_gmt":"2020-03-13T13:25:59","guid":{"rendered":"http:\/\/zlobekkrosnice.pl\/?page_id=14"},"modified":"2024-07-02T12:52:28","modified_gmt":"2024-07-02T10:52:28","slug":"nasz-zlobek-montessori","status":"publish","type":"page","link":"https:\/\/zlobekkrosnice.pl\/index.php\/nasz-zlobek-montessori\/","title":{"rendered":"Nasz \u017c\u0142obek"},"content":{"rendered":"\n<h2 class=\"wp-block-heading\">\u017b\u0142obek &#8222;S\u0142oneczko&#8221;<\/h2>\n\n\n\n<p>to przede wszystkim intuicyjne odkrywanie \u015bwiata przez dzieci, swobodna zabawa i kontakt z natur\u0105. Razem z rodzicami tworzymy szcz\u0119\u015bliwe miejsce dla dzieci i wspieramy ich rozw\u00f3j. \u017b\u0142obek, w kt\u00f3rym stosuje si\u0119 pedagogik\u0119 montessoria\u0144sk\u0105 to tak\u017ce indywidualne podej\u015bcie do ka\u017cdego dziecka.  Przeczytaj dlaczego Twoje dziecko b\u0119dzie si\u0119 lepiej rozwija\u0107 ucz\u0119szczaj\u0105c do  naszego \u017c\u0142obka &#8211; <a href=\"https:\/\/zlobekkrosnice.pl\/index.php\/10-korzysci\/\" target=\"_blank\" rel=\"noreferrer noopener\">TU.<\/a><\/p>\n\n\n\n<figure class=\"wp-block-image size-large\"><img loading=\"lazy\" decoding=\"async\" width=\"1024\" height=\"768\" src=\"https:\/\/zlobekkrosnice.pl\/wp-content\/uploads\/2021\/03\/777.jpg\" alt=\"\" class=\"wp-image-706\" srcset=\"https:\/\/zlobekkrosnice.pl\/wp-content\/uploads\/2021\/03\/777.jpg 1024w, https:\/\/zlobekkrosnice.pl\/wp-content\/uploads\/2021\/03\/777-300x225.jpg 300w, https:\/\/zlobekkrosnice.pl\/wp-content\/uploads\/2021\/03\/777-768x576.jpg 768w\" sizes=\"auto, (max-width: 1024px) 100vw, 1024px\" \/><\/figure>\n\n\n\n<p>Pracujemy w godz. 7.00 &#8211; 16.30 od poniedzia\u0142ku do pi\u0105tku.  W naszej plac\u00f3wce prowadzimy zaj\u0119cia muzyczne, plastyczne, zabawy ruchowe Weroniki Sherborne oraz zaj\u0119cia &#8222;naukowe&#8221; (wi\u0119cej o zaj\u0119ciach <a aria-label=\"tu (otwiera si\u0119 na nowej zak\u0142adce)\" href=\"https:\/\/zlobekkrosnice.pl\/index.php\/plan-dnia\/\" target=\"_blank\" rel=\"noreferrer noopener\">tu<\/a>).  Wszystkie zaj\u0119cia s\u0105 op\u0142acane w ramach czesnego.  Mamy w\u0142asny, ogrodzony teren, kt\u00f3ry zamieniamy w ogr\u00f3d z placem zabaw. Dzieci codziennie przebywaj\u0105 na dworze przez co najmniej godzin\u0119.<\/p>\n\n\n\n<p>Staramy si\u0119 by maluchy z u\u015bmiechem przekracza\u0142y pr\u00f3g naszego \u017c\u0142obka. Ka\u017cde dziecko traktujemy z szacunkiem, co wyra\u017camy przez stosowanie &#8222;Standard\u00f3w opieki i edukacji dzieci do lat 3&#8221; (<a href=\"https:\/\/zlobekkrosnice.pl\/index.php\/standardy-opieki-i-edukacji-dzieci\/\">zak\u0142adka &#8222;Standardy Opieki&#8221;<\/a>).<\/p>\n\n\n\n<p> Rol\u0119 doros\u0142ego staramy si\u0119 ogranicza\u0107 do zapewniania bezpiecze\u0144stwa, wspierania dziecka w jego rozwoju zapewniaj\u0105c mu odpowiednie otoczenie i komfort psychiczny, fizyczny i emocjonalny. Wiele naszych zaj\u0119\u0107 jest prowadzone w duchu montessoria\u0144skim.  \u017b\u0142obek Montessori oznacza tak\u017ce spos\u00f3b aran\u017cacji sali, pomoce rozwojowe i odpowiednie zabawki. <\/p>\n\n\n\n<p>Inspirujemy si\u0119 tak\u017ce le\u015bnymi przedszkolami. Nasze dzieci codziennie przebywaj\u0105 na \u015bwie\u017cym powietrzu. W naszym ogrodzie  dzieci bezpo\u015brednio do\u015bwiadczaj\u0105 natury, do woli eksploruj\u0105 otoczenie  zaspokajaj\u0105c swoje potrzeby ruchu i ciekawo\u015bci \u015bwiata. <\/p>\n\n\n\n<p>Kadra pedagogiczna &#8222;S\u0142oneczka&#8221; to 3 ciocie:<\/p>\n\n\n\n<div class=\"wp-block-group\"><div class=\"wp-block-group__inner-container is-layout-flow wp-block-group-is-layout-flow\">\n<div class=\"wp-block-media-text alignwide is-vertically-aligned-top\" style=\"grid-template-columns:30% auto\"><figure class=\"wp-block-media-text__media\"><img loading=\"lazy\" decoding=\"async\" width=\"680\" height=\"1024\" src=\"https:\/\/zlobekkrosnice.pl\/wp-content\/uploads\/2020\/05\/DSC_0130-\u2014-kopia-680x1024.jpg\" alt=\"\" class=\"wp-image-365 size-full\"\/><\/figure><div class=\"wp-block-media-text__content\">\n<h4 class=\"wp-block-heading\">Ciocia &#8222;Dyrektor&#8221; Agnieszka Kruk <\/h4>\n\n\n\n<p>Jestem mam\u0105, kt\u00f3ra sama stan\u0119\u0142a przed problemem braku opieki \u017c\u0142obkowej dla swojego dziecka. Rozumiem jak to jest gdy w okolicy nie ma zaufanego miejsca gdzie mo\u017cna by zapewni\u0107 profesjonaln\u0105 opiek\u0119 dla synka czy c\u00f3reczki. Razem z innymi rodzicami i ciociami tworzymy takie miejsce w Kro\u015bnicach. Z wykszta\u0142cenia jestem pedagogiem specjalnym i fizjoterapeut\u0105, pracuj\u0119 tak\u017ce jako kierowniczka w Terapeutycznym Punkcie Przedszkolnym we Wroc\u0142awiu.<\/p>\n<\/div><\/div>\n<\/div><\/div>\n\n\n\n<div class=\"wp-block-group\"><div class=\"wp-block-group__inner-container is-layout-flow wp-block-group-is-layout-flow\">\n<div class=\"wp-block-media-text alignwide is-stacked-on-mobile\" style=\"grid-template-columns:33% auto\"><figure class=\"wp-block-media-text__media\"><img loading=\"lazy\" decoding=\"async\" width=\"589\" height=\"784\" src=\"https:\/\/zlobekkrosnice.pl\/wp-content\/uploads\/2021\/07\/217944197_342595317363108_5983540954385015289_n.jpg\" alt=\"\" class=\"wp-image-789 size-full\" srcset=\"https:\/\/zlobekkrosnice.pl\/wp-content\/uploads\/2021\/07\/217944197_342595317363108_5983540954385015289_n.jpg 589w, https:\/\/zlobekkrosnice.pl\/wp-content\/uploads\/2021\/07\/217944197_342595317363108_5983540954385015289_n-225x300.jpg 225w\" sizes=\"auto, (max-width: 589px) 100vw, 589px\" \/><\/figure><div class=\"wp-block-media-text__content\">\n<h4 class=\"wp-block-heading\">Ciocia Aleksandra Trzeciak<\/h4>\n\n\n\n<p>Jestem absolwentk\u0105 Technikum Architektury Krajobrazu&nbsp; w Miliczu, lecz moje plany zawodowe przesun\u0119\u0142y si\u0119 w kierunku opieki nad dzie\u0107mi. Zawsze szybko potrafi\u0142am z\u0142apa\u0107 dobry kontakt z dzie\u0107mi. Dlatego jestem szcz\u0119\u015bliwa spe\u0142niaj\u0105c si\u0119 w pracy z Pa\u0144stwa dzie\u0107mi w naszym \u017c\u0142obku.  Odnajduje si\u0119 w pracach manualnych, kt\u00f3rymi zara\u017cam naszych podopiecznych. Razem z innymi ciociami tworzymy kreatywne miejsce, w kt\u00f3rym jest czas na nauk\u0119 oraz czu\u0142o\u015b\u0107 i zrozumienie.<\/p>\n<\/div><\/div>\n\n\n\n<div class=\"wp-block-media-text alignwide is-stacked-on-mobile\" style=\"grid-template-columns:33% auto\"><figure class=\"wp-block-media-text__media\"><img loading=\"lazy\" decoding=\"async\" width=\"768\" height=\"1024\" src=\"https:\/\/zlobekkrosnice.pl\/wp-content\/uploads\/2023\/11\/20220417_101632-768x1024.jpg\" alt=\"\" class=\"wp-image-961 size-full\" srcset=\"https:\/\/zlobekkrosnice.pl\/wp-content\/uploads\/2023\/11\/20220417_101632-768x1024.jpg 768w, https:\/\/zlobekkrosnice.pl\/wp-content\/uploads\/2023\/11\/20220417_101632-225x300.jpg 225w, https:\/\/zlobekkrosnice.pl\/wp-content\/uploads\/2023\/11\/20220417_101632-1152x1536.jpg 1152w, https:\/\/zlobekkrosnice.pl\/wp-content\/uploads\/2023\/11\/20220417_101632-1536x2048.jpg 1536w, https:\/\/zlobekkrosnice.pl\/wp-content\/uploads\/2023\/11\/20220417_101632-scaled.jpg 1920w\" sizes=\"auto, (max-width: 768px) 100vw, 768px\" \/><\/figure><div class=\"wp-block-media-text__content\">\n<h4 class=\"wp-block-heading\">Ciocia Sylwia \u0141uczak<\/h4>\n\n\n\n<p>Jestem osob\u0105 radosn\u0105, ambitn\u0105 oraz otwart\u0105 na nowe wyzwania. Uwielbiam prac\u0119 z dzie\u0107mi kt\u00f3ra daje mi wiele rado\u015bci. Zawsze u\u015bmiechni\u0119ta ,gotowa przytuli\u0107 i otrze\u0107 \u0142ezk\u0119 w razie dzieci\u0119cych smuteczk\u00f3w. Lubi\u0119 zara\u017ca\u0107 pozytywn\u0105 energi\u0105. U\u015bmiech dzieci jest dla mnie nagrod\u0105 za wykonan\u0105 prac\u0119. Z rado\u015bci\u0105 i zachwytem podziwiam post\u0119py Naszych S\u0142oneczek. Ka\u017cdego dnia staram si\u0119 by buzie Naszych Maluszk\u00f3w by\u0142y u\u015bmiechni\u0119te by pod moj\u0105 opiek\u0105 czu\u0142y si\u0119 pewnie, bezpiecznie i mog\u0142y wszechstronnie si\u0119 rozwija\u0107. Prywatnie jestem mama 7-letniego Piotra, dzi\u0119ki kt\u00f3remu nauczy\u0142am si\u0119 poczucia humoru, dystansu do \u015bwiata, cierpliwo\u015bci, pokory i bezwarunkowej mi\u0142o\u015bci.<\/p>\n<\/div><\/div>\n<\/div><\/div>\n","protected":false},"excerpt":{"rendered":"<p>\u017b\u0142obek &#8222;S\u0142oneczko&#8221; to przede wszystkim intuicyjne odkrywanie \u015bwiata przez dzieci, swobodna zabawa i kontakt z natur\u0105. Razem z rodzicami tworzymy szcz\u0119\u015bliwe miejsce dla dzieci i wspieramy ich rozw\u00f3j. \u017b\u0142obek, w kt\u00f3rym stosuje si\u0119 pedagogik\u0119 montessoria\u0144sk\u0105 to tak\u017ce indywidualne podej\u015bcie do ka\u017cdego dziecka. Przeczytaj dlaczego Twoje dziecko b\u0119dzie si\u0119 lepiej rozwija\u0107 ucz\u0119szczaj\u0105c do naszego \u017c\u0142obka &#8211; TU. Pracujemy w godz. 7.00 &#8211; 16.30 od poniedzia\u0142ku do pi\u0105tku. W naszej plac\u00f3wce prowadzimy zaj\u0119cia muzyczne, plastyczne, zabawy ruchowe [&hellip;]<\/p>\n","protected":false},"author":1,"featured_media":416,"parent":0,"menu_order":0,"comment_status":"closed","ping_status":"closed","template":"","meta":{"footnotes":""},"class_list":["post-14","page","type-page","status-publish","has-post-thumbnail","hentry"],"_links":{"self":[{"href":"https:\/\/zlobekkrosnice.pl\/index.php\/wp-json\/wp\/v2\/pages\/14","targetHints":{"allow":["GET"]}}],"collection":[{"href":"https:\/\/zlobekkrosnice.pl\/index.php\/wp-json\/wp\/v2\/pages"}],"about":[{"href":"https:\/\/zlobekkrosnice.pl\/index.php\/wp-json\/wp\/v2\/types\/page"}],"author":[{"embeddable":true,"href":"https:\/\/zlobekkrosnice.pl\/index.php\/wp-json\/wp\/v2\/users\/1"}],"replies":[{"embeddable":true,"href":"https:\/\/zlobekkrosnice.pl\/index.php\/wp-json\/wp\/v2\/comments?post=14"}],"version-history":[{"count":51,"href":"https:\/\/zlobekkrosnice.pl\/index.php\/wp-json\/wp\/v2\/pages\/14\/revisions"}],"predecessor-version":[{"id":989,"href":"https:\/\/zlobekkrosnice.pl\/index.php\/wp-json\/wp\/v2\/pages\/14\/revisions\/989"}],"wp:featuredmedia":[{"embeddable":true,"href":"https:\/\/zlobekkrosnice.pl\/index.php\/wp-json\/wp\/v2\/media\/416"}],"wp:attachment":[{"href":"https:\/\/zlobekkrosnice.pl\/index.php\/wp-json\/wp\/v2\/media?parent=14"}],"curies":[{"name":"wp","href":"https:\/\/api.w.org\/{rel}","templated":true}]}}